 9242?
2
What is the units digit of 65139?
9
What is the units digit of 825?
5
What is the hundreds digit of 988?
9
What is the ten thousands digit of 20130?
2
What is the thousands digit of 2513?
2
What is the hundreds digit of 73425?
4
What is the ten thousands digit of 24256?
2
What is the units digit of 1243?
3
What is the thousands digit of 41045?
1
What is the units digit of 7140?
0
What is the hundreds digit of 8447?
4
What is the ten thousands digit of 94252?
9
What is the hundreds digit of 14680?
6
What is the tens digit of 910?
1
What is the tens digit of 88983?
8
What is the hundreds digit of 8236?
2
What is the hundreds digit of 5469?
4
What is the units digit of 2138?
8
What is the tens digit of 78064?
6
What is the ten thousands digit of 48366?
4
What is the units digit of 446?
6
What is the hundreds digit of 1407?
4
What is the tens digit of 2953?
5
What is the units digit of 30264?
4
What is the tens digit of 1884?
8
What is the tens digit of 25558?
5
What is the tens digit of 6644?
4
What is the thousands digit of 43620?
3
What is the units digit of 6264?
4
What is the thousands digit of 65051?
5
What is the tens digit of 22955?
5
What is the units digit of 6532?
2
What is the units digit of 57514?
4
What is the thousands digit of 9099?
9
What is the units digit of 13638?
8
What is the units digit of 25?
5
What is the hundreds digit of 4849?
8
What is the thousands digit of 29912?
9
What is the ten thousands digit of 144049?
4
What is the thousands digit of 111436?
1
What is the tens digit of 418?
1
What is the tens digit of 7847?
4
What is the thousands digit of 8986?
8
What is the hundreds digit of 8526?
5
What is the ten thousands digit of 28189?
2
What is the units digit of 2607?
7
What is the hundreds digit of 8924?
9
What is the tens digit of 2416?
1
What is the units digit of 9519?
9
What is the thousands digit of 30413?
0
What is the hundreds digit of 801?
8
What is the hundreds digit of 15423?
4
What is the tens digit of 33461?
6
What is the hundreds digit of 10771?
7
What is the units digit of 111?
1
What is the tens digit of 18108?
0
What is the thousands digit of 1162?
1
What is the thousands digit of 4855?
4
What is the ten thousands digit of 10883?
1
What is the units digit of 46876?
6
What is the hundreds digit of 2003?
0
What is the thousands digit of 1000?
1
What is the thousands digit of 6836?
6
What is the units digit of 4246?
6
What is the thousands digit of 24548?
4
What is the tens digit of 9057?
5
What is the units digit of 48323?
3
What is the units digit of 3740?
0
What is the tens digit of 1397?
9
What is the ten thousands digit of 72336?
7
What is the hundreds digit of 63884?
8
What is the tens digit of 144672?
7
What is the hundreds digit of 43256?
2
What is the units digit of 244?
4
What is the thousands digit of 1228?
1
What is the units digit of 361?
1
What is the units digit of 1401?
1
What is the ten thousands digit of 36483?
3
What is the thousands digit of 8255?
8
What is the units digit of 364?
4
What is the tens digit of 95194?
9
What is the units digit of 1699?
9
What is the tens digit of 535?
3
What is the hundreds digit of 2573?
5
What is the units digit of 71?
1
What is the tens digit of 7351?
5
What is the units digit of 12948?
8
What is the hundreds digit of 18341?
3
What is the thousands digit of 1289?
1
What is the thousands digit of 4503?
4
What is the thousands digit of 2845?
2
What is the thousands digit of 1971?
1
What is the units digit of 8348?
8
What is the hundreds digit of 7966?
9
What is the thousands digit of 29106?
9
What is the tens digit of 924?
2
What is the thousands digit of 2150?
2
What is the tens digit of 2348?
4
What is the ten thousands digit of 36162?
3
What is the units digit of 4048?
8
What is the tens digit of 3936?
3
What is the units digit of 7923?
3
What is the ten thousands digit of 18912?
1
What is the units digit of 39277?
7
What is the tens digit of 2096?
9
What is the hundreds digit of 2063?
0
What is the hundreds digit of 3451?
4
What is the hundreds digit of 1166?
1
What is the hundreds digit of 2411?
4
What is the tens digit of 692?
9
What is the units digit of 119964?
4
What is the units digit of 195?
5
What is the tens digit of 3212?
1
What is the thousands digit of 31062?
1
What is the tens digit of 64701?
0
What is the units digit of 1404?
4
What is the hundreds digit of 1418?
4
What is the thousands digit of 6602?
6
What is the units digit of 2999?
9
What is the thousands digit of 3231?
3
What is the units digit of 724?
4
What is the hundreds digit of 1518?
5
What is the units digit of 2428?
8
What is the tens digit of 1361?
6
What is the units digit of 102849?
9
What is the units digit of 12804?
4
What is the thousands digit of 27128?
7
What is the tens digit of 666?
6
What is the units digit of 7945?
5
What is the tens digit of 342?
4
What is the thousands digit of 74927?
4
What is the hundreds digit of 20310?
3
What is the units digit of 62979?
9
What is the units digit of 428?
8
What is the hundreds digit of 24697?
6
What is the ten thousands digit of 64592?
6
What is the hundreds digit of 714?
7
What is the thousands digit of 11614?
1
What is the hundreds digit of 40680?
6
What is the tens digit of 6890?
9
What is the hundreds digit of 3638?
6
What is the units digit of 10272?
2
What is the tens digit of 4530?
3
What is the ten thousands digit of 16190?
1
What is the hundreds digit of 93472?
4
What is the thousands digit of 8844?
8
What is the hundreds digit of 180?
1
What is the hundreds digit of 2926?
9
What is the tens digit of 9247?
4
What is the ten thousands digit of 125352?
2
What is the hundred thousands digit of 130150?
1
What is the tens digit of 3700?
0
What is the hundreds digit of 5793?
7
What is the ten thousands digit of 34325?
3
What is the tens digit of 3115?
1
What is the hundreds digit of 2430?
4
What is the hundreds digit of 41052?
0
What is the hundreds digit of 2621?
6
What is the tens digit of 445?
4
What is the thousands digit of 1228?
1
What is the thousands digit of 1588?
1
What is the hundreds digit of 8533?
5
What is the tens digit of 27361?
6
What is the thousands digit of 20318?
0
What is the units digit of 79501?
1
What is the units digit of 4352?
2
What is the units digit of 8018?
8
What is the ten thousands digit of 36226?
3
What is the hundreds digit of 11391?
3
What is the thousands digit of 5055?
5
What is the tens digit of 1114?
1
What is the units digit of 77?
7
What is the tens digit of 107152?
5
What is the hundreds digit of 1460?
4
What is the hundreds digit of 3965?
9
What is the ten thousands digit of 18735?
1
What is the thousands digit of 65993?
5
What is the ten thousands digit of 10682?
1
What is the hundreds digit of 3161?
1
What is the units digit of 291?
1
What is the tens digit of 1149?
4
What is the tens digit of 70697?
9
What is the thousands digit of 2523?
2
What is the tens digit of 7207?
0
What is the hundreds digit of 1027?
0
What is the hundreds digit of 31989?
9
What is the units digit of 5580?
0
What is the tens digit of 966?
6
What is the tens digit of 7921?
2
What is the tens digit of 98167?
6
What is the thousands digit of 32318?
2
What is the units digit of 23005?
5
What is the hundreds digit of 8903?
9
What is the hundreds digit of 19117?
1
What is the thousands digit of 2096?
2
What is the units digit of 846?
6
What is the hundreds digit of 2794?
7
What is the units digit of 24799?
9
What is the thousands digit of 8623?
8
What is the units digit of 2102?
2
What is the hundreds digit of 15490?
4
What is the hundreds digit of 965?
9
What is the tens digit of 1549?
4
What is the hundreds digit of 1216?
2
What is the units digit of 80915?
5
What is the ten thousands digit of 20911?
2
What is the thousands digit of 88767?
8
What is the thousands digit of 10292?
0
What is the hundred thousands digit of 148403?
1
What is the thousands digit of 3963?
3
What is the thousands digit of 1345?
1
What is the hundreds digit of 1618?
6
What is the hundreds digit of 1014?
0
What is the tens digit of 1091?
9
What is the ten thousands digit of 14957?
1
What is the hundreds digit of 2179?
1
What is the thousands digit of 6827?
6
What is the units digit of 6607?
7
What is the hundreds di